{"id":12621,"date":"2026-01-20T02:31:53","date_gmt":"2026-01-20T01:31:53","guid":{"rendered":"https:\/\/jewsineastprussia.de\/jews-of-gargzdai-gordz\/"},"modified":"2026-01-20T12:05:10","modified_gmt":"2026-01-20T11:05:10","slug":"jews-of-gargzdai-gordz","status":"publish","type":"page","link":"https:\/\/jewsineastprussia.de\/de\/jews-of-gargzdai-gordz\/","title":{"rendered":"Juden in Gargzdai &#8211; Gordz (Litauen)"},"content":{"rendered":"\n<div class=\"wp-block-media-text is-stacked-on-mobile\"><figure class=\"wp-block-media-text__media\"><img fetchpriority=\"high\" decoding=\"async\" width=\"1024\" height=\"694\" src=\"https:\/\/jewsineastprussia.de\/wp-content\/uploads\/2026\/01\/Museum-GargzdaiJAN26-1024x694.jpg\" alt=\"Muzeum Region Gargzdai\" class=\"wp-image-12599 size-full\" srcset=\"https:\/\/jewsineastprussia.de\/wp-content\/uploads\/2026\/01\/Museum-GargzdaiJAN26-1024x694.jpg 1024w, https:\/\/jewsineastprussia.de\/wp-content\/uploads\/2026\/01\/Museum-GargzdaiJAN26-300x203.jpg 300w, https:\/\/jewsineastprussia.de\/wp-content\/uploads\/2026\/01\/Museum-GargzdaiJAN26-768x521.jpg 768w, https:\/\/jewsineastprussia.de\/wp-content\/uploads\/2026\/01\/Museum-GargzdaiJAN26-1536x1041.jpg 1536w, https:\/\/jewsineastprussia.de\/wp-content\/uploads\/2026\/01\/Museum-GargzdaiJAN26-2048x1388.jpg 2048w\" sizes=\"(max-width: 1024px) 100vw, 1024px\" \/><\/figure><div class=\"wp-block-media-text__content\">\n<p>Garg\u017edai Regionalmuseum in der N\u00e4he des Stadtparks. Dieses alte Geb\u00e4ude wird durch einen neuen, modernen Museumsbau ersetzt werden. &#8211; Das Team bereitet sich auf eine neue Dauerausstellung vor und m\u00f6chte mehr \u00fcber die Juden des Ortes, einst 60 % der B\u00fcrger, erz\u00e4hlen.<\/p>\n<\/div><\/div>\n\n\n\n<div class=\"wp-block-media-text has-media-on-the-right is-stacked-on-mobile\"><div class=\"wp-block-media-text__content\">\n<p>Blick auf die bisherige Dauerausstellung. Wo finden sich Spuren des j\u00fcdischen Lebens im fr\u00fcheren Alltag der Bewohner.<\/p>\n<\/div><figure class=\"wp-block-media-text__media\"><img decoding=\"async\" width=\"1024\" height=\"621\" src=\"https:\/\/jewsineastprussia.de\/wp-content\/uploads\/2026\/01\/Exposition-Gargzdai-museum-1024x621.jpg\" alt=\"Muzeum Gargzdai Core Exhibition\" class=\"wp-image-12605 size-full\" srcset=\"https:\/\/jewsineastprussia.de\/wp-content\/uploads\/2026\/01\/Exposition-Gargzdai-museum-1024x621.jpg 1024w, https:\/\/jewsineastprussia.de\/wp-content\/uploads\/2026\/01\/Exposition-Gargzdai-museum-300x182.jpg 300w, https:\/\/jewsineastprussia.de\/wp-content\/uploads\/2026\/01\/Exposition-Gargzdai-museum-768x465.jpg 768w, https:\/\/jewsineastprussia.de\/wp-content\/uploads\/2026\/01\/Exposition-Gargzdai-museum.jpg 1409w\" sizes=\"(max-width: 1024px) 100vw, 1024px\" \/><\/figure><\/div>\n\n\n\n<div class=\"wp-block-media-text is-stacked-on-mobile\"><figure class=\"wp-block-media-text__media\"><img decoding=\"async\" width=\"1024\" height=\"492\" src=\"https:\/\/jewsineastprussia.de\/wp-content\/uploads\/2026\/01\/Gargzdai-Jewish-stamps-1024x492.jpg\" alt=\"Stamps of Jews in Gordz\" class=\"wp-image-12603 size-full\" srcset=\"https:\/\/jewsineastprussia.de\/wp-content\/uploads\/2026\/01\/Gargzdai-Jewish-stamps-1024x492.jpg 1024w, https:\/\/jewsineastprussia.de\/wp-content\/uploads\/2026\/01\/Gargzdai-Jewish-stamps-300x144.jpg 300w, https:\/\/jewsineastprussia.de\/wp-content\/uploads\/2026\/01\/Gargzdai-Jewish-stamps-768x369.jpg 768w, https:\/\/jewsineastprussia.de\/wp-content\/uploads\/2026\/01\/Gargzdai-Jewish-stamps-1536x739.jpg 1536w, https:\/\/jewsineastprussia.de\/wp-content\/uploads\/2026\/01\/Gargzdai-Jewish-stamps-2048x985.jpg 2048w\" sizes=\"(max-width: 1024px) 100vw, 1024px\" \/><\/figure><div class=\"wp-block-media-text__content\">\n<p>Man findet viele Namen in den Standes\u00e4mtern, manche eher durch Dokumentenfunde und Erz\u00e4hlungen. Man mu\u00df in alle Richtungen suchen.<\/p>\n<\/div><\/div>\n\n\n\n<div class=\"wp-block-media-text has-media-on-the-right is-stacked-on-mobile\"><div class=\"wp-block-media-text__content\">\n<p>Am 9. Januar 2026 hatten wir ein inspirierendes Treffen mit dem Direktorin, einem Beir\u00e4tin und einem Historiker des Museums der Region Garg\u017edai.<\/p>\n<\/div><figure class=\"wp-block-media-text__media\"><img loading=\"lazy\" decoding=\"async\" width=\"1024\" height=\"768\" src=\"https:\/\/jewsineastprussia.de\/wp-content\/uploads\/2026\/01\/Meeting-Muzeum-Gargzdai-1024x768.jpg\" alt=\"Meeting in Gargzdai\" class=\"wp-image-12601 size-full\" srcset=\"https:\/\/jewsineastprussia.de\/wp-content\/uploads\/2026\/01\/Meeting-Muzeum-Gargzdai-1024x768.jpg 1024w, https:\/\/jewsineastprussia.de\/wp-content\/uploads\/2026\/01\/Meeting-Muzeum-Gargzdai-300x225.jpg 300w, https:\/\/jewsineastprussia.de\/wp-content\/uploads\/2026\/01\/Meeting-Muzeum-Gargzdai-768x576.jpg 768w, https:\/\/jewsineastprussia.de\/wp-content\/uploads\/2026\/01\/Meeting-Muzeum-Gargzdai-1536x1152.jpg 1536w, https:\/\/jewsineastprussia.de\/wp-content\/uploads\/2026\/01\/Meeting-Muzeum-Gargzdai.jpg 2048w\" sizes=\"(max-width: 1024px) 100vw, 1024px\" \/><\/figure><\/div>\n\n\n\n<div class=\"wp-block-media-text is-stacked-on-mobile\"><figure class=\"wp-block-media-text__media\"><img loading=\"lazy\" decoding=\"async\" width=\"622\" height=\"383\" src=\"https:\/\/jewsineastprussia.de\/wp-content\/uploads\/2026\/01\/Birman-map-Ausschnitt.jpg\" alt=\"Birmann Map\" class=\"wp-image-12615 size-full\" srcset=\"https:\/\/jewsineastprussia.de\/wp-content\/uploads\/2026\/01\/Birman-map-Ausschnitt.jpg 622w, https:\/\/jewsineastprussia.de\/wp-content\/uploads\/2026\/01\/Birman-map-Ausschnitt-300x185.jpg 300w\" sizes=\"(max-width: 622px) 100vw, 622px\" \/><\/figure><div class=\"wp-block-media-text__content\">\n<p>Ausschnitt des Stadtplans der Erinnerung von George Birmann, der f\u00fcr seine Fotos von Memel bekannt war &#8211; mit vielen eingezeichneten Familiennamen.<\/p>\n<\/div><\/div>\n\n\n\n<div class=\"wp-block-media-text has-media-on-the-right is-stacked-on-mobile\"><div class=\"wp-block-media-text__content\">\n<p>Die Nachfahren und Auswanderer des Ortes bildeten eine lebendige Gemeinschaft und sammelten ihre Erinnerungen an ihren Heimatort, der Jahrhunderte direkt an der Grenze zu Ostpreu\u00dfen unweit zu Memel lag. Ein Quelle f\u00fcr viele Geschichten in Yiddisch, Hebr\u00e4isch und Englisch.<\/p>\n\n\n\n<figure class=\"wp-block-image size-large\"><img loading=\"lazy\" decoding=\"async\" width=\"1024\" height=\"569\" src=\"https:\/\/jewsineastprussia.de\/wp-content\/uploads\/2026\/01\/Map-Gordz-complete-1024x569.jpg\" alt=\"map of Gordz memorial book\" class=\"wp-image-12611\" srcset=\"https:\/\/jewsineastprussia.de\/wp-content\/uploads\/2026\/01\/Map-Gordz-complete-1024x569.jpg 1024w, https:\/\/jewsineastprussia.de\/wp-content\/uploads\/2026\/01\/Map-Gordz-complete-300x167.jpg 300w, https:\/\/jewsineastprussia.de\/wp-content\/uploads\/2026\/01\/Map-Gordz-complete-768x427.jpg 768w, https:\/\/jewsineastprussia.de\/wp-content\/uploads\/2026\/01\/Map-Gordz-complete-1536x853.jpg 1536w, https:\/\/jewsineastprussia.de\/wp-content\/uploads\/2026\/01\/Map-Gordz-complete-2048x1138.jpg 2048w\" sizes=\"(max-width: 1024px) 100vw, 1024px\" \/><\/figure>\n\n\n\n<p>Der Stadtplan von Gordz in Yiddisch aus dem Erinnerungsbuch.<\/p>\n<\/div><figure class=\"wp-block-media-text__media\"><img loading=\"lazy\" decoding=\"async\" width=\"794\" height=\"1024\" src=\"https:\/\/jewsineastprussia.de\/wp-content\/uploads\/2026\/01\/Title-Yiskor-Gordz-794x1024.jpg\" alt=\"Title page Yiskor book\" class=\"wp-image-12609 size-full\" srcset=\"https:\/\/jewsineastprussia.de\/wp-content\/uploads\/2026\/01\/Title-Yiskor-Gordz-794x1024.jpg 794w, https:\/\/jewsineastprussia.de\/wp-content\/uploads\/2026\/01\/Title-Yiskor-Gordz-233x300.jpg 233w, https:\/\/jewsineastprussia.de\/wp-content\/uploads\/2026\/01\/Title-Yiskor-Gordz-768x990.jpg 768w, https:\/\/jewsineastprussia.de\/wp-content\/uploads\/2026\/01\/Title-Yiskor-Gordz-1191x1536.jpg 1191w, https:\/\/jewsineastprussia.de\/wp-content\/uploads\/2026\/01\/Title-Yiskor-Gordz-1588x2048.jpg 1588w, https:\/\/jewsineastprussia.de\/wp-content\/uploads\/2026\/01\/Title-Yiskor-Gordz-scaled.jpg 1985w\" sizes=\"(max-width: 794px) 100vw, 794px\" \/><\/figure><\/div>\n\n\n\n<div class=\"wp-block-media-text is-stacked-on-mobile\"><figure class=\"wp-block-media-text__media\"><img loading=\"lazy\" decoding=\"async\" width=\"1024\" height=\"515\" src=\"https:\/\/jewsineastprussia.de\/wp-content\/uploads\/2026\/01\/Mass-Grave-Gargzdai22SEP25-1024x515.jpg\" alt=\"Mass grave Gargzdai\" class=\"wp-image-12613 size-full\" srcset=\"https:\/\/jewsineastprussia.de\/wp-content\/uploads\/2026\/01\/Mass-Grave-Gargzdai22SEP25-1024x515.jpg 1024w, https:\/\/jewsineastprussia.de\/wp-content\/uploads\/2026\/01\/Mass-Grave-Gargzdai22SEP25-300x151.jpg 300w, https:\/\/jewsineastprussia.de\/wp-content\/uploads\/2026\/01\/Mass-Grave-Gargzdai22SEP25-768x386.jpg 768w, https:\/\/jewsineastprussia.de\/wp-content\/uploads\/2026\/01\/Mass-Grave-Gargzdai22SEP25-1536x773.jpg 1536w, https:\/\/jewsineastprussia.de\/wp-content\/uploads\/2026\/01\/Mass-Grave-Gargzdai22SEP25.jpg 1811w\" sizes=\"(max-width: 1024px) 100vw, 1024px\" \/><\/figure><div class=\"wp-block-media-text__content\">\n<p>Die J\u00fcdische Gemeinde von Klaipeda pflegt das Gedenken mit Ausfl\u00fcgen zu den Massengr\u00e4bern an den Orten, wo 1941 sofort nach dem Einmarsch der Deutschen die Juden ermordet wurden. Diese befinden sich oft in W\u00e4ldern &#8211; in Gargzdai befindet sich das erste direkt neben der heutigen Hauptbushaltestelle. Foto vom 22. September 2025.<\/p>\n<\/div><\/div>\n\n\n\n<div class=\"wp-block-media-text has-media-on-the-right is-stacked-on-mobile\"><div class=\"wp-block-media-text__content\">\n<p>Blick vom Museum in Richtung Kirche &#8211; wo fr\u00fcher auch die Synagogen standen. Hier kann man noch die Atmosph\u00e4re eines Stetls nachempfinden.<\/p>\n<\/div><figure class=\"wp-block-media-text__media\"><img loading=\"lazy\" decoding=\"async\" width=\"1024\" height=\"578\" src=\"https:\/\/jewsineastprussia.de\/wp-content\/uploads\/2026\/01\/IMG20260109114458-1024x578.jpg\" alt=\"Gargzdai in snow\" class=\"wp-image-12607 size-full\" srcset=\"https:\/\/jewsineastprussia.de\/wp-content\/uploads\/2026\/01\/IMG20260109114458-1024x578.jpg 1024w, https:\/\/jewsineastprussia.de\/wp-content\/uploads\/2026\/01\/IMG20260109114458-300x169.jpg 300w, https:\/\/jewsineastprussia.de\/wp-content\/uploads\/2026\/01\/IMG20260109114458-768x433.jpg 768w, https:\/\/jewsineastprussia.de\/wp-content\/uploads\/2026\/01\/IMG20260109114458-1536x866.jpg 1536w, https:\/\/jewsineastprussia.de\/wp-content\/uploads\/2026\/01\/IMG20260109114458-2048x1155.jpg 2048w\" sizes=\"(max-width: 1024px) 100vw, 1024px\" \/><\/figure><\/div>\n\n\n\n<p><\/p>\n\n\n\n<p><\/p>\n\n\n\n<p>Link zur Seite  <a href=\"https:\/\/jewsineastprussia.de\/de\/other-places-related-to-esat-prussia\/\">Andere Orte in Verbindung zu Ostpreu\u00dfen &gt;&gt;<\/a><\/p>\n\n\n\n<p><\/p>\n","protected":false},"excerpt":{"rendered":"<p>Garg\u017edai Regionalmuseum in der N\u00e4he des Stadtparks. Dieses alte Geb\u00e4ude wird durch einen neuen, modernen Museumsbau ersetzt werden. &#8211; Das Team bereitet sich auf eine neue Dauerausstellung vor und m\u00f6chte mehr \u00fcber die Juden des Ortes, einst 60 % der B\u00fcrger, erz\u00e4hlen. Blick auf die bisherige Dauerausstellung. Wo finden sich Spuren des j\u00fcdischen Lebens im [&hellip;]<\/p>\n","protected":false},"author":5,"featured_media":0,"parent":0,"menu_order":0,"comment_status":"closed","ping_status":"closed","template":"","meta":{"footnotes":""},"categories":[84,140,139,74,372],"class_list":["post-12621","page","type-page","status-publish","hentry","category-denkmaeler","category-familiengeschichten-de","category-holocaust-und-verfolgung-de","category-litauen","category-memel-klaipeda-de-2","entry"],"_links":{"self":[{"href":"https:\/\/jewsineastprussia.de\/de\/wp-json\/wp\/v2\/pages\/12621","targetHints":{"allow":["GET"]}}],"collection":[{"href":"https:\/\/jewsineastprussia.de\/de\/wp-json\/wp\/v2\/pages"}],"about":[{"href":"https:\/\/jewsineastprussia.de\/de\/wp-json\/wp\/v2\/types\/page"}],"author":[{"embeddable":true,"href":"https:\/\/jewsineastprussia.de\/de\/wp-json\/wp\/v2\/users\/5"}],"replies":[{"embeddable":true,"href":"https:\/\/jewsineastprussia.de\/de\/wp-json\/wp\/v2\/comments?post=12621"}],"version-history":[{"count":2,"href":"https:\/\/jewsineastprussia.de\/de\/wp-json\/wp\/v2\/pages\/12621\/revisions"}],"predecessor-version":[{"id":12637,"href":"https:\/\/jewsineastprussia.de\/de\/wp-json\/wp\/v2\/pages\/12621\/revisions\/12637"}],"wp:attachment":[{"href":"https:\/\/jewsineastprussia.de\/de\/wp-json\/wp\/v2\/media?parent=12621"}],"wp:term":[{"taxonomy":"category","embeddable":true,"href":"https:\/\/jewsineastprussia.de\/de\/wp-json\/wp\/v2\/categories?post=12621"}],"curies":[{"name":"wp","href":"https:\/\/api.w.org\/{rel}","templated":true}]}}

<div class="wp-block-media-text is-stacked-on-mobile"><figure class="wp-block-media-text__media"><img fetchpriority="high" decoding="async" width="1024" height="694" src="https://jewsineastprussia.de/wp-content/uploads/2026/01/Museum-GargzdaiJAN26-1024x694.jpg" alt="Muzeum Region Gargzdai" class="wp-image-12599 size-full" srcset="https://jewsineastprussia.de/wp-content/uploads/2026/01/Museum-GargzdaiJAN26-1024x694.jpg 1024w, https://jewsineastprussia.de/wp-content/uploads/2026/01/Museum-GargzdaiJAN26-300x203.jpg 300w, https://jewsineastprussia.de/wp-content/uploads/2026/01/Museum-GargzdaiJAN26-768x521.jpg 768w, https://jewsineastprussia.de/wp-content/uploads/2026/01/Museum-GargzdaiJAN26-1536x1041.jpg 1536w, https://jewsineastprussia.de/wp-content/uploads/2026/01/Museum-GargzdaiJAN26-2048x1388.jpg 2048w" sizes="(max-width: 1024px) 100vw, 1024px" /></figure><div class="wp-block-media-text__content">
<p>Gargždai Regionalmuseum in der Nähe des Stadtparks. Dieses alte Gebäude wird durch einen neuen, modernen Museumsbau ersetzt werden. &#8211; Das Team bereitet sich auf eine neue Dauerausstellung vor und möchte mehr über die Juden des Ortes, einst 60 % der Bürger, erzählen.</p>
</div></div>



<div class="wp-block-media-text has-media-on-the-right is-stacked-on-mobile"><div class="wp-block-media-text__content">
<p>Blick auf die bisherige Dauerausstellung. Wo finden sich Spuren des jüdischen Lebens im früheren Alltag der Bewohner.</p>
</div><figure class="wp-block-media-text__media"><img decoding="async" width="1024" height="621" src="https://jewsineastprussia.de/wp-content/uploads/2026/01/Exposition-Gargzdai-museum-1024x621.jpg" alt="Muzeum Gargzdai Core Exhibition" class="wp-image-12605 size-full" srcset="https://jewsineastprussia.de/wp-content/uploads/2026/01/Exposition-Gargzdai-museum-1024x621.jpg 1024w, https://jewsineastprussia.de/wp-content/uploads/2026/01/Exposition-Gargzdai-museum-300x182.jpg 300w, https://jewsineastprussia.de/wp-content/uploads/2026/01/Exposition-Gargzdai-museum-768x465.jpg 768w, https://jewsineastprussia.de/wp-content/uploads/2026/01/Exposition-Gargzdai-museum.jpg 1409w" sizes="(max-width: 1024px) 100vw, 1024px" /></figure></div>



<div class="wp-block-media-text is-stacked-on-mobile"><figure class="wp-block-media-text__media"><img decoding="async" width="1024" height="492" src="https://jewsineastprussia.de/wp-content/uploads/2026/01/Gargzdai-Jewish-stamps-1024x492.jpg" alt="Stamps of Jews in Gordz" class="wp-image-12603 size-full" srcset="https://jewsineastprussia.de/wp-content/uploads/2026/01/Gargzdai-Jewish-stamps-1024x492.jpg 1024w, https://jewsineastprussia.de/wp-content/uploads/2026/01/Gargzdai-Jewish-stamps-300x144.jpg 300w, https://jewsineastprussia.de/wp-content/uploads/2026/01/Gargzdai-Jewish-stamps-768x369.jpg 768w, https://jewsineastprussia.de/wp-content/uploads/2026/01/Gargzdai-Jewish-stamps-1536x739.jpg 1536w, https://jewsineastprussia.de/wp-content/uploads/2026/01/Gargzdai-Jewish-stamps-2048x985.jpg 2048w" sizes="(max-width: 1024px) 100vw, 1024px" /></figure><div class="wp-block-media-text__content">
<p>Man findet viele Namen in den Standesämtern, manche eher durch Dokumentenfunde und Erzählungen. Man muß in alle Richtungen suchen.</p>
</div></div>



<div class="wp-block-media-text has-media-on-the-right is-stacked-on-mobile"><div class="wp-block-media-text__content">
<p>Am 9. Januar 2026 hatten wir ein inspirierendes Treffen mit dem Direktorin, einem Beirätin und einem Historiker des Museums der Region Gargždai.</p>
</div><figure class="wp-block-media-text__media"><img loading="lazy" decoding="async" width="1024" height="768" src="https://jewsineastprussia.de/wp-content/uploads/2026/01/Meeting-Muzeum-Gargzdai-1024x768.jpg" alt="Meeting in Gargzdai" class="wp-image-12601 size-full" srcset="https://jewsineastprussia.de/wp-content/uploads/2026/01/Meeting-Muzeum-Gargzdai-1024x768.jpg 1024w, https://jewsineastprussia.de/wp-content/uploads/2026/01/Meeting-Muzeum-Gargzdai-300x225.jpg 300w, https://jewsineastprussia.de/wp-content/uploads/2026/01/Meeting-Muzeum-Gargzdai-768x576.jpg 768w, https://jewsineastprussia.de/wp-content/uploads/2026/01/Meeting-Muzeum-Gargzdai-1536x1152.jpg 1536w, https://jewsineastprussia.de/wp-content/uploads/2026/01/Meeting-Muzeum-Gargzdai.jpg 2048w" sizes="(max-width: 1024px) 100vw, 1024px" /></figure></div>



<div class="wp-block-media-text is-stacked-on-mobile"><figure class="wp-block-media-text__media"><img loading="lazy" decoding="async" width="622" height="383" src="https://jewsineastprussia.de/wp-content/uploads/2026/01/Birman-map-Ausschnitt.jpg" alt="Birmann Map" class="wp-image-12615 size-full" srcset="https://jewsineastprussia.de/wp-content/uploads/2026/01/Birman-map-Ausschnitt.jpg 622w, https://jewsineastprussia.de/wp-content/uploads/2026/01/Birman-map-Ausschnitt-300x185.jpg 300w" sizes="(max-width: 622px) 100vw, 622px" /></figure><div class="wp-block-media-text__content">
<p>Ausschnitt des Stadtplans der Erinnerung von George Birmann, der für seine Fotos von Memel bekannt war &#8211; mit vielen eingezeichneten Familiennamen.</p>
</div></div>



<div class="wp-block-media-text has-media-on-the-right is-stacked-on-mobile"><div class="wp-block-media-text__content">
<p>Die Nachfahren und Auswanderer des Ortes bildeten eine lebendige Gemeinschaft und sammelten ihre Erinnerungen an ihren Heimatort, der Jahrhunderte direkt an der Grenze zu Ostpreußen unweit zu Memel lag. Ein Quelle für viele Geschichten in Yiddisch, Hebräisch und Englisch.</p>



<figure class="wp-block-image size-large"><img loading="lazy" decoding="async" width="1024" height="569" src="https://jewsineastprussia.de/wp-content/uploads/2026/01/Map-Gordz-complete-1024x569.jpg" alt="map of Gordz memorial book" class="wp-image-12611" srcset="https://jewsineastprussia.de/wp-content/uploads/2026/01/Map-Gordz-complete-1024x569.jpg 1024w, https://jewsineastprussia.de/wp-content/uploads/2026/01/Map-Gordz-complete-300x167.jpg 300w, https://jewsineastprussia.de/wp-content/uploads/2026/01/Map-Gordz-complete-768x427.jpg 768w, https://jewsineastprussia.de/wp-content/uploads/2026/01/Map-Gordz-complete-1536x853.jpg 1536w, https://jewsineastprussia.de/wp-content/uploads/2026/01/Map-Gordz-complete-2048x1138.jpg 2048w" sizes="(max-width: 1024px) 100vw, 1024px" /></figure>



<p>Der Stadtplan von Gordz in Yiddisch aus dem Erinnerungsbuch.</p>
</div><figure class="wp-block-media-text__media"><img loading="lazy" decoding="async" width="794" height="1024" src="https://jewsineastprussia.de/wp-content/uploads/2026/01/Title-Yiskor-Gordz-794x1024.jpg" alt="Title page Yiskor book" class="wp-image-12609 size-full" srcset="https://jewsineastprussia.de/wp-content/uploads/2026/01/Title-Yiskor-Gordz-794x1024.jpg 794w, https://jewsineastprussia.de/wp-content/uploads/2026/01/Title-Yiskor-Gordz-233x300.jpg 233w, https://jewsineastprussia.de/wp-content/uploads/2026/01/Title-Yiskor-Gordz-768x990.jpg 768w, https://jewsineastprussia.de/wp-content/uploads/2026/01/Title-Yiskor-Gordz-1191x1536.jpg 1191w, https://jewsineastprussia.de/wp-content/uploads/2026/01/Title-Yiskor-Gordz-1588x2048.jpg 1588w, https://jewsineastprussia.de/wp-content/uploads/2026/01/Title-Yiskor-Gordz-scaled.jpg 1985w" sizes="(max-width: 794px) 100vw, 794px" /></figure></div>



<div class="wp-block-media-text is-stacked-on-mobile"><figure class="wp-block-media-text__media"><img loading="lazy" decoding="async" width="1024" height="515" src="https://jewsineastprussia.de/wp-content/uploads/2026/01/Mass-Grave-Gargzdai22SEP25-1024x515.jpg" alt="Mass grave Gargzdai" class="wp-image-12613 size-full" srcset="https://jewsineastprussia.de/wp-content/uploads/2026/01/Mass-Grave-Gargzdai22SEP25-1024x515.jpg 1024w, https://jewsineastprussia.de/wp-content/uploads/2026/01/Mass-Grave-Gargzdai22SEP25-300x151.jpg 300w, https://jewsineastprussia.de/wp-content/uploads/2026/01/Mass-Grave-Gargzdai22SEP25-768x386.jpg 768w, https://jewsineastprussia.de/wp-content/uploads/2026/01/Mass-Grave-Gargzdai22SEP25-1536x773.jpg 1536w, https://jewsineastprussia.de/wp-content/uploads/2026/01/Mass-Grave-Gargzdai22SEP25.jpg 1811w" sizes="(max-width: 1024px) 100vw, 1024px" /></figure><div class="wp-block-media-text__content">
<p>Die Jüdische Gemeinde von Klaipeda pflegt das Gedenken mit Ausflügen zu den Massengräbern an den Orten, wo 1941 sofort nach dem Einmarsch der Deutschen die Juden ermordet wurden. Diese befinden sich oft in Wäldern &#8211; in Gargzdai befindet sich das erste direkt neben der heutigen Hauptbushaltestelle. Foto vom 22. September 2025.</p>
</div></div>



<div class="wp-block-media-text has-media-on-the-right is-stacked-on-mobile"><div class="wp-block-media-text__content">
<p>Blick vom Museum in Richtung Kirche &#8211; wo früher auch die Synagogen standen. Hier kann man noch die Atmosphäre eines Stetls nachempfinden.</p>
</div><figure class="wp-block-media-text__media"><img loading="lazy" decoding="async" width="1024" height="578" src="https://jewsineastprussia.de/wp-content/uploads/2026/01/IMG20260109114458-1024x578.jpg" alt="Gargzdai in snow" class="wp-image-12607 size-full" srcset="https://jewsineastprussia.de/wp-content/uploads/2026/01/IMG20260109114458-1024x578.jpg 1024w, https://jewsineastprussia.de/wp-content/uploads/2026/01/IMG20260109114458-300x169.jpg 300w, https://jewsineastprussia.de/wp-content/uploads/2026/01/IMG20260109114458-768x433.jpg 768w, https://jewsineastprussia.de/wp-content/uploads/2026/01/IMG20260109114458-1536x866.jpg 1536w, https://jewsineastprussia.de/wp-content/uploads/2026/01/IMG20260109114458-2048x1155.jpg 2048w" sizes="(max-width: 1024px) 100vw, 1024px" /></figure></div>



<p></p>



<p></p>



<p>Link zur Seite  <a href="https://jewsineastprussia.de/de/other-places-related-to-esat-prussia/">Andere Orte in Verbindung zu Ostpreußen &gt;&gt;</a></p>



<p></p>

<p>Gargždai Regionalmuseum in der Nähe des Stadtparks. Dieses alte Gebäude wird durch einen neuen, modernen Museumsbau ersetzt werden. &#8211; Das Team bereitet sich auf eine neue Dauerausstellung vor und möchte mehr über die Juden des Ortes, einst 60 % der Bürger, erzählen. Blick auf die bisherige Dauerausstellung. Wo finden sich Spuren des jüdischen Lebens im [&hellip;]</p>
