{"id":5197,"date":"2020-02-26T11:46:45","date_gmt":"2020-02-26T10:46:45","guid":{"rendered":"https:\/\/jewsineastprussia.de\/cemetery-barczewo-wartenburg\/"},"modified":"2024-03-02T19:34:47","modified_gmt":"2024-03-02T18:34:47","slug":"cemetery-barczewo-wartenburg","status":"publish","type":"page","link":"https:\/\/jewsineastprussia.de\/de\/cemetery-barczewo-wartenburg\/","title":{"rendered":"Friedhof Barczewo &#8211; Wartenburg"},"content":{"rendered":"<div class=\"wp-block-image\">\n<figure class=\"aligncenter is-resized\"><img fetchpriority=\"high\" decoding=\"async\" src=\"https:\/\/jewsineastprussia.de\/wp-content\/uploads\/2020\/02\/Wartenburg-Juden.jpg\" alt=\"wartenburg City Synagogue\" class=\"wp-image-5190\" width=\"768\" height=\"369\" srcset=\"https:\/\/jewsineastprussia.de\/wp-content\/uploads\/2020\/02\/Wartenburg-Juden.jpg 1024w, https:\/\/jewsineastprussia.de\/wp-content\/uploads\/2020\/02\/Wartenburg-Juden-300x144.jpg 300w, https:\/\/jewsineastprussia.de\/wp-content\/uploads\/2020\/02\/Wartenburg-Juden-768x369.jpg 768w\" sizes=\"(max-width: 768px) 100vw, 768px\" \/><\/figure>\n<\/div>\n\n\n<p>In Kooperation 2020 mit cmentarze-zydowskie.pl&nbsp;<\/p>\n\n\n\n<p>Der j\u00fcdische Friedhof in Barczewo wurde 1871 an der Guttst\u00e4dter Stra\u00dfe (der heutigen Warmi\u0144ska Stra\u00dfe), etwa 450 m nordwestlich des Stadtzentrums, au\u00dferhalb der Bebauung auf einem Grundst\u00fcck in Form eines l\u00e4nglichen Rechtecks angelegt. Es ist bekannt, dass sich am Eingang ein h\u00f6lzernes Leichenhaus befand.<\/p>\n\n\n<div class=\"wp-block-image\">\n<figure class=\"aligncenter\"><img decoding=\"async\" width=\"800\" height=\"377\" src=\"https:\/\/jewsineastprussia.de\/wp-content\/uploads\/2020\/02\/barczewo_mapa.jpg\" alt=\"Map Wartenburg\" class=\"wp-image-5217\" srcset=\"https:\/\/jewsineastprussia.de\/wp-content\/uploads\/2020\/02\/barczewo_mapa.jpg 800w, https:\/\/jewsineastprussia.de\/wp-content\/uploads\/2020\/02\/barczewo_mapa-300x141.jpg 300w, https:\/\/jewsineastprussia.de\/wp-content\/uploads\/2020\/02\/barczewo_mapa-768x362.jpg 768w\" sizes=\"(max-width: 800px) 100vw, 800px\" \/><\/figure>\n<\/div>\n\n\n<p>Der Friedhof wurde w\u00e4hrend des Zweiten Weltkriegs teilweise verw\u00fcstet, als einige Matzevot in Grabsteine deutscher Soldaten umgewandelt wurden. Das Geb\u00e4ude hat den Krieg jedoch in relativ gutem Zustand \u00fcberstanden. In den fr\u00fchen 1970er Jahren war es noch von einem Maschendrahtzaun umgeben, in seinem Inneren befanden sich etwa 100 Grabsteine.<\/p>\n\n\n\n<figure class=\"wp-block-image\"><img decoding=\"async\" width=\"300\" height=\"199\" src=\"https:\/\/jewsineastprussia.de\/wp-content\/uploads\/2020\/02\/barczewo1-300x199.jpg\" alt=\"Cemetery Wartenburg\" class=\"wp-image-5192\" srcset=\"https:\/\/jewsineastprussia.de\/wp-content\/uploads\/2020\/02\/barczewo1-300x199.jpg 300w, https:\/\/jewsineastprussia.de\/wp-content\/uploads\/2020\/02\/barczewo1.jpg 700w\" sizes=\"(max-width: 300px) 100vw, 300px\" \/><\/figure>\n\n\n\n<p>Am 16. Oktober 1961 erlie\u00df das Ministerium f\u00fcr kommunale Wirtschaft den Beschluss, den Friedhof f\u00fcr Bestattungszwecke zu schlie\u00dfen (Beschluss Uz-c\/11\/68\/60).<\/p>\n\n\n\n<p>Im Jahr 1976 beschloss die Stadtverwaltung, die Grabsteine vom Friedhof zu entfernen. Einige von ihnen wurden vom Masurischen Museum \u00fcbernommen, andere wurden in einer Kiesgrube begraben oder von \u00f6rtlichen Steinmetzen verwendet. Auf dem Friedhof wurden Stallungen f\u00fcr Kleintierz\u00fcchtung aufgestellt.<\/p>\n\n\n\n<p>Im Jahr 1995 wurde am Rand des Friedhofs ein Felsbrocken mit einer Tafel mit einer Inschrift angebracht: &#8220; Die Stelle des ehemaligen j\u00fcdischen Friedhofes&#8220;. Ein Teil des Friedhofs war von einem Holzzaun umgeben.<\/p>\n\n\n\n<p>Im Jahr 2017 wurden dank der Bem\u00fchungen u.a. von Krystyna Szter von der Sozial- und Kulturvereinigung &#8222;Pojezierze&#8220; etwa 20 gefundene Grabsteine im Hof der ehemaligen Synagoge in Barczew aufgestellt.<\/p>\n\n\n\n<figure class=\"wp-block-image\"><img loading=\"lazy\" decoding=\"async\" width=\"300\" height=\"199\" src=\"https:\/\/jewsineastprussia.de\/wp-content\/uploads\/2020\/02\/barczewo5-300x199.jpg\" alt=\"Matzewot Wartenburg\" class=\"wp-image-5194\" srcset=\"https:\/\/jewsineastprussia.de\/wp-content\/uploads\/2020\/02\/barczewo5-300x199.jpg 300w, https:\/\/jewsineastprussia.de\/wp-content\/uploads\/2020\/02\/barczewo5.jpg 700w\" sizes=\"(max-width: 300px) 100vw, 300px\" \/><\/figure>\n\n\n\n<p>2024 &#8211; Ein neues Projekt &#8222;Jews of Wartenburg, (today Barczewo)&#8220; wurde auf der Genealogie &#8211; Webseite <strong>geni.com <\/strong>angelegt, dort kann man etwas \u00fcber die Familien der J\u00fcdischen Gemeinde erfahren, Familienurkunden einsehen und eventuell selber Personen hinzuf\u00fcgen. Hier der Link: <a rel=\"noreferrer noopener\" href=\"https:\/\/www.geni.com\/projects\/Jews-of-Wartenburg-today-Barczewo\/4498325\" target=\"_blank\">https:\/\/www.geni.com\/projects\/Jews-of-Wartenburg-today-Barczewo\/4498325<\/a><\/p>\n\n\n\n<p>Namensliste aus Grabsteinen Wartenburg \/ Barczweo, <a href=\"http:\/\/www.cmentarze-zydowskie.pl\/barczewo.htm\" target=\"_blank\" rel=\"noopener noreferrer\">weitere Details und Bilder siehe Original-Webseite &gt;&gt;<\/a><\/p>\n\n\n\n<p>Nachname, Vorname, hebr\u00e4ischer Vorname, Vorname des Vaters, Geburtsdatum, Sterbedatum, zus\u00e4tzliche Informationen<\/p>\n\n\n\n<ul class=\"wp-block-list\">\n<li>Cohn, Max, , , 03.1858, 31.01.1916,<\/li>\n\n\n\n<li>Friedlaender, Minna, Rachel Lea, Father: Itzhak Meir, 15.09.1834, 28.03.1899, nee Meyer. Hebr name husband: David<\/li>\n\n\n\n<li>Friedlander, , David, son of Zvi, , 09.03.1875, Glade, , Elias, son of Eines (?)<\/li>\n\n\n\n<li>Gottfeldt, Recha, Rachuma Zisla, Father: Gershon, 15.02.1866, 15.03.1930, nee Wisztyniecki. On the tombstone, the stonemason&#8217;s signature: Markewitz from Olsztyn (Allenstein).<\/li>\n\n\n\n<li>Grau, Michael, Michel Avraham, son of Kalonimus, 22.[..].1822, 18.03.1902,<\/li>\n\n\n\n<li>Grumach, Rescha (Rosa), geb. 11.05.1870, gest. 9.11.1882 (nach Familienunterl. Jerusalem)<\/li>\n\n\n\n<li>Henschel, , Guta, Father: Shmuel, , 19.05.1899, Katz, Pesa Paulina, Pesa, son of Zvi, 10.02.1898, , She lived 54 years. Father a Lewit<\/li>\n\n\n\n<li>Littwinski, Judel, Jehuda, son of Beniamin Benish, , 05.12.1882,<\/li>\n\n\n\n<li>Man[&#8230;]?, Jakob, , , 03.1815, 01.08.1881,<\/li>\n\n\n\n<li>Mendelsohn, Josephine, , , 12.1842, 21.06.1877, nee Mendelsohn<\/li>\n\n\n\n<li>Meyer, Hedwig (?), Hinda, Fater: Avraham, 15.01.1816, 05.12.[&#8230;], nee Meyer<\/li>\n\n\n\n<li>Pollnow, Hugo, Josef, son of Asher, 12.07.1872, 02.01.1918, Accident victim<\/li>\n\n\n\n<li>Schwarz, Paula, Zypra, Dov, 22.05.1882, 08.10.1924,<\/li>\n<\/ul>\n\n\n<div class=\"wp-block-image\">\n<figure class=\"alignleft\"><img loading=\"lazy\" decoding=\"async\" width=\"223\" height=\"148\" src=\"https:\/\/jewsineastprussia.de\/wp-content\/uploads\/2020\/02\/Cmentarz-Zyd-logo.jpg\" alt=\"Logo\" class=\"wp-image-5172\"\/><\/figure>\n<\/div>\n\n\n<p>In Kooperation 2020 mit cmentarze-zydowskie.pl<br><\/p>\n","protected":false},"excerpt":{"rendered":"<p>In Kooperation 2020 mit cmentarze-zydowskie.pl&nbsp; Der j\u00fcdische Friedhof in Barczewo wurde 1871 an der Guttst\u00e4dter Stra\u00dfe (der heutigen Warmi\u0144ska Stra\u00dfe), etwa 450 m nordwestlich des Stadtzentrums, au\u00dferhalb der Bebauung auf einem Grundst\u00fcck in Form eines l\u00e4nglichen Rechtecks angelegt. Es ist bekannt, dass sich am Eingang ein h\u00f6lzernes Leichenhaus befand. Der Friedhof wurde w\u00e4hrend des Zweiten [&hellip;]<\/p>\n","protected":false},"author":1,"featured_media":0,"parent":0,"menu_order":0,"comment_status":"closed","ping_status":"closed","template":"","meta":{"footnotes":""},"categories":[84,73],"class_list":["post-5197","page","type-page","status-publish","hentry","category-denkmaeler","category-polen","entry"],"_links":{"self":[{"href":"https:\/\/jewsineastprussia.de\/de\/wp-json\/wp\/v2\/pages\/5197","targetHints":{"allow":["GET"]}}],"collection":[{"href":"https:\/\/jewsineastprussia.de\/de\/wp-json\/wp\/v2\/pages"}],"about":[{"href":"https:\/\/jewsineastprussia.de\/de\/wp-json\/wp\/v2\/types\/page"}],"author":[{"embeddable":true,"href":"https:\/\/jewsineastprussia.de\/de\/wp-json\/wp\/v2\/users\/1"}],"replies":[{"embeddable":true,"href":"https:\/\/jewsineastprussia.de\/de\/wp-json\/wp\/v2\/comments?post=5197"}],"version-history":[{"count":6,"href":"https:\/\/jewsineastprussia.de\/de\/wp-json\/wp\/v2\/pages\/5197\/revisions"}],"predecessor-version":[{"id":11372,"href":"https:\/\/jewsineastprussia.de\/de\/wp-json\/wp\/v2\/pages\/5197\/revisions\/11372"}],"wp:attachment":[{"href":"https:\/\/jewsineastprussia.de\/de\/wp-json\/wp\/v2\/media?parent=5197"}],"wp:term":[{"taxonomy":"category","embeddable":true,"href":"https:\/\/jewsineastprussia.de\/de\/wp-json\/wp\/v2\/categories?post=5197"}],"curies":[{"name":"wp","href":"https:\/\/api.w.org\/{rel}","templated":true}]}}

<div class="wp-block-image">
<figure class="aligncenter is-resized"><img fetchpriority="high" decoding="async" src="https://jewsineastprussia.de/wp-content/uploads/2020/02/Wartenburg-Juden.jpg" alt="wartenburg City Synagogue" class="wp-image-5190" width="768" height="369" srcset="https://jewsineastprussia.de/wp-content/uploads/2020/02/Wartenburg-Juden.jpg 1024w, https://jewsineastprussia.de/wp-content/uploads/2020/02/Wartenburg-Juden-300x144.jpg 300w, https://jewsineastprussia.de/wp-content/uploads/2020/02/Wartenburg-Juden-768x369.jpg 768w" sizes="(max-width: 768px) 100vw, 768px" /></figure>
</div>


<p>In Kooperation 2020 mit cmentarze-zydowskie.pl&nbsp;</p>



<p>Der jüdische Friedhof in Barczewo wurde 1871 an der Guttstädter Straße (der heutigen Warmińska Straße), etwa 450 m nordwestlich des Stadtzentrums, außerhalb der Bebauung auf einem Grundstück in Form eines länglichen Rechtecks angelegt. Es ist bekannt, dass sich am Eingang ein hölzernes Leichenhaus befand.</p>


<div class="wp-block-image">
<figure class="aligncenter"><img decoding="async" width="800" height="377" src="https://jewsineastprussia.de/wp-content/uploads/2020/02/barczewo_mapa.jpg" alt="Map Wartenburg" class="wp-image-5217" srcset="https://jewsineastprussia.de/wp-content/uploads/2020/02/barczewo_mapa.jpg 800w, https://jewsineastprussia.de/wp-content/uploads/2020/02/barczewo_mapa-300x141.jpg 300w, https://jewsineastprussia.de/wp-content/uploads/2020/02/barczewo_mapa-768x362.jpg 768w" sizes="(max-width: 800px) 100vw, 800px" /></figure>
</div>


<p>Der Friedhof wurde während des Zweiten Weltkriegs teilweise verwüstet, als einige Matzevot in Grabsteine deutscher Soldaten umgewandelt wurden. Das Gebäude hat den Krieg jedoch in relativ gutem Zustand überstanden. In den frühen 1970er Jahren war es noch von einem Maschendrahtzaun umgeben, in seinem Inneren befanden sich etwa 100 Grabsteine.</p>



<figure class="wp-block-image"><img decoding="async" width="300" height="199" src="https://jewsineastprussia.de/wp-content/uploads/2020/02/barczewo1-300x199.jpg" alt="Cemetery Wartenburg" class="wp-image-5192" srcset="https://jewsineastprussia.de/wp-content/uploads/2020/02/barczewo1-300x199.jpg 300w, https://jewsineastprussia.de/wp-content/uploads/2020/02/barczewo1.jpg 700w" sizes="(max-width: 300px) 100vw, 300px" /></figure>



<p>Am 16. Oktober 1961 erließ das Ministerium für kommunale Wirtschaft den Beschluss, den Friedhof für Bestattungszwecke zu schließen (Beschluss Uz-c/11/68/60).</p>



<p>Im Jahr 1976 beschloss die Stadtverwaltung, die Grabsteine vom Friedhof zu entfernen. Einige von ihnen wurden vom Masurischen Museum übernommen, andere wurden in einer Kiesgrube begraben oder von örtlichen Steinmetzen verwendet. Auf dem Friedhof wurden Stallungen für Kleintierzüchtung aufgestellt.</p>



<p>Im Jahr 1995 wurde am Rand des Friedhofs ein Felsbrocken mit einer Tafel mit einer Inschrift angebracht: &#8220; Die Stelle des ehemaligen jüdischen Friedhofes&#8220;. Ein Teil des Friedhofs war von einem Holzzaun umgeben.</p>



<p>Im Jahr 2017 wurden dank der Bemühungen u.a. von Krystyna Szter von der Sozial- und Kulturvereinigung &#8222;Pojezierze&#8220; etwa 20 gefundene Grabsteine im Hof der ehemaligen Synagoge in Barczew aufgestellt.</p>



<figure class="wp-block-image"><img loading="lazy" decoding="async" width="300" height="199" src="https://jewsineastprussia.de/wp-content/uploads/2020/02/barczewo5-300x199.jpg" alt="Matzewot Wartenburg" class="wp-image-5194" srcset="https://jewsineastprussia.de/wp-content/uploads/2020/02/barczewo5-300x199.jpg 300w, https://jewsineastprussia.de/wp-content/uploads/2020/02/barczewo5.jpg 700w" sizes="(max-width: 300px) 100vw, 300px" /></figure>



<p>2024 &#8211; Ein neues Projekt &#8222;Jews of Wartenburg, (today Barczewo)&#8220; wurde auf der Genealogie &#8211; Webseite <strong>geni.com </strong>angelegt, dort kann man etwas über die Familien der Jüdischen Gemeinde erfahren, Familienurkunden einsehen und eventuell selber Personen hinzufügen. Hier der Link: <a rel="noreferrer noopener" href="https://www.geni.com/projects/Jews-of-Wartenburg-today-Barczewo/4498325" target="_blank">https://www.geni.com/projects/Jews-of-Wartenburg-today-Barczewo/4498325</a></p>



<p>Namensliste aus Grabsteinen Wartenburg / Barczweo, <a href="http://www.cmentarze-zydowskie.pl/barczewo.htm" target="_blank" rel="noopener noreferrer">weitere Details und Bilder siehe Original-Webseite &gt;&gt;</a></p>



<p>Nachname, Vorname, hebräischer Vorname, Vorname des Vaters, Geburtsdatum, Sterbedatum, zusätzliche Informationen</p>



<ul class="wp-block-list">
<li>Cohn, Max, , , 03.1858, 31.01.1916,</li>



<li>Friedlaender, Minna, Rachel Lea, Father: Itzhak Meir, 15.09.1834, 28.03.1899, nee Meyer. Hebr name husband: David</li>



<li>Friedlander, , David, son of Zvi, , 09.03.1875, Glade, , Elias, son of Eines (?)</li>



<li>Gottfeldt, Recha, Rachuma Zisla, Father: Gershon, 15.02.1866, 15.03.1930, nee Wisztyniecki. On the tombstone, the stonemason&#8217;s signature: Markewitz from Olsztyn (Allenstein).</li>



<li>Grau, Michael, Michel Avraham, son of Kalonimus, 22.[..].1822, 18.03.1902,</li>



<li>Grumach, Rescha (Rosa), geb. 11.05.1870, gest. 9.11.1882 (nach Familienunterl. Jerusalem)</li>



<li>Henschel, , Guta, Father: Shmuel, , 19.05.1899, Katz, Pesa Paulina, Pesa, son of Zvi, 10.02.1898, , She lived 54 years. Father a Lewit</li>



<li>Littwinski, Judel, Jehuda, son of Beniamin Benish, , 05.12.1882,</li>



<li>Man[&#8230;]?, Jakob, , , 03.1815, 01.08.1881,</li>



<li>Mendelsohn, Josephine, , , 12.1842, 21.06.1877, nee Mendelsohn</li>



<li>Meyer, Hedwig (?), Hinda, Fater: Avraham, 15.01.1816, 05.12.[&#8230;], nee Meyer</li>



<li>Pollnow, Hugo, Josef, son of Asher, 12.07.1872, 02.01.1918, Accident victim</li>



<li>Schwarz, Paula, Zypra, Dov, 22.05.1882, 08.10.1924,</li>
</ul>


<div class="wp-block-image">
<figure class="alignleft"><img loading="lazy" decoding="async" width="223" height="148" src="https://jewsineastprussia.de/wp-content/uploads/2020/02/Cmentarz-Zyd-logo.jpg" alt="Logo" class="wp-image-5172"/></figure>
</div>


<p>In Kooperation 2020 mit cmentarze-zydowskie.pl<br></p>

<p>In Kooperation 2020 mit cmentarze-zydowskie.pl&nbsp; Der jüdische Friedhof in Barczewo wurde 1871 an der Guttstädter Straße (der heutigen Warmińska Straße), etwa 450 m nordwestlich des Stadtzentrums, außerhalb der Bebauung auf einem Grundstück in Form eines länglichen Rechtecks angelegt. Es ist bekannt, dass sich am Eingang ein hölzernes Leichenhaus befand. Der Friedhof wurde während des Zweiten [&hellip;]</p>
