{"id":5633,"date":"2020-03-19T23:53:45","date_gmt":"2020-03-19T22:53:45","guid":{"rendered":"https:\/\/jewsineastprussia.de\/cemetery-ketrzyn-rastenburg\/"},"modified":"2020-03-28T14:34:06","modified_gmt":"2020-03-28T13:34:06","slug":"cemetery-ketrzyn-rastenburg","status":"publish","type":"page","link":"https:\/\/jewsineastprussia.de\/de\/cemetery-ketrzyn-rastenburg\/","title":{"rendered":"Friedhof K\u0119trzyn &#8211; Rastenburg"},"content":{"rendered":"<p>In Kooperation 2020 mit dem Verein Blusztyn (PL) und Historiker Dr. Seweryn Szczepa\u0144ski<\/p>\n<figure id=\"attachment_5622\" aria-describedby=\"caption-attachment-5622\" style=\"width: 348px\" class=\"wp-caption aligncenter\"><img fetchpriority=\"high\" decoding=\"async\" class=\"wp-image-5622 size-full\" src=\"https:\/\/jewsineastprussia.de\/wp-content\/uploads\/2020\/03\/Synagoge-Tuerme.jpg\" alt=\"Roof New Synagogue Rastenburg\" width=\"348\" height=\"177\" srcset=\"https:\/\/jewsineastprussia.de\/wp-content\/uploads\/2020\/03\/Synagoge-Tuerme.jpg 348w, https:\/\/jewsineastprussia.de\/wp-content\/uploads\/2020\/03\/Synagoge-Tuerme-300x153.jpg 300w\" sizes=\"(max-width: 348px) 100vw, 348px\" \/><figcaption id=\"caption-attachment-5622\" class=\"wp-caption-text\">Neue Synagoge in Rastenburg Er\u00f6ffnung 1916<\/figcaption><\/figure>\n<p>In der Geschichte der Juden in Rastenburg gab es neben vielen j\u00fcdischen Wohn- und Gesch\u00e4ftsh\u00e4usern eine alte und eine neue Synagoge. Dar\u00fcber gibt es viele Bilder und Geschichten auf unserer Seite Geschichte der Juden in Rastenburg. Hier haben wir zusammengetragen, was \u00fcber den J\u00fcdischen Friedhof der Stadt zu berichten ist.<\/p>\n<figure id=\"attachment_5624\" aria-describedby=\"caption-attachment-5624\" style=\"width: 1040px\" class=\"wp-caption aligncenter\"><img decoding=\"async\" class=\"wp-image-5624 size-full\" src=\"https:\/\/jewsineastprussia.de\/wp-content\/uploads\/2020\/03\/Rastenburg-1929-Ausschnitt.jpg\" alt=\"Map Rastenburg Jewish 1929\" width=\"1040\" height=\"635\" srcset=\"https:\/\/jewsineastprussia.de\/wp-content\/uploads\/2020\/03\/Rastenburg-1929-Ausschnitt.jpg 1040w, https:\/\/jewsineastprussia.de\/wp-content\/uploads\/2020\/03\/Rastenburg-1929-Ausschnitt-300x183.jpg 300w, https:\/\/jewsineastprussia.de\/wp-content\/uploads\/2020\/03\/Rastenburg-1929-Ausschnitt-1024x625.jpg 1024w, https:\/\/jewsineastprussia.de\/wp-content\/uploads\/2020\/03\/Rastenburg-1929-Ausschnitt-768x469.jpg 768w\" sizes=\"(max-width: 1040px) 100vw, 1040px\" \/><figcaption id=\"caption-attachment-5624\" class=\"wp-caption-text\">Ausschnitt Stadtplan Rastenburg 1929 &#8211; 3 Friedhof<\/figcaption><\/figure>\n<p>Rabbiner Siebert Neufeldt schrieb 1925 einen Reisebericht durch die ostpreussischen j\u00fcdischen Gemeinden. Unter Rastenburg erw\u00e4hnt er einen J\u00fcdischen Friedhof, der damals ca. 120 Jahre alt war (ca. von 1805). Er habe eine Friedhofshalle und lag an der Gasanstalt.<\/p>\n<figure id=\"attachment_5626\" aria-describedby=\"caption-attachment-5626\" style=\"width: 300px\" class=\"wp-caption alignleft\"><img decoding=\"async\" class=\"wp-image-5626 size-medium\" src=\"https:\/\/jewsineastprussia.de\/wp-content\/uploads\/2020\/03\/image_51881-300x225.jpg\" alt=\"Cemetery Rastenburg\" width=\"300\" height=\"225\" srcset=\"https:\/\/jewsineastprussia.de\/wp-content\/uploads\/2020\/03\/image_51881-300x225.jpg 300w, https:\/\/jewsineastprussia.de\/wp-content\/uploads\/2020\/03\/image_51881-768x576.jpg 768w, https:\/\/jewsineastprussia.de\/wp-content\/uploads\/2020\/03\/image_51881.jpg 800w\" sizes=\"(max-width: 300px) 100vw, 300px\" \/><figcaption id=\"caption-attachment-5626\" class=\"wp-caption-text\">Foto: Yarek Shalom<\/figcaption><\/figure>\n<p>Der j\u00fcdische Friedhof, der vermutlich in der Progromnacht 1938 stark zerst\u00f6rt wurde, lag am Fu\u00dfe des S\u00fcdhangs des damals evangelischen Friedhofs. Heute gibt es an diesem Ort Garagen von Busdepots des \u00f6ffentlichen Verkehrs und vielleicht teilweise Garagen der Staatlichen Feuerwehr (die Angelegenheit erfordert eine gr\u00fcndliche Untersuchung vor Ort). Ein Fragment eine j\u00fcdischen Grabsteins wurde in einem Stadtteich gefunden und ist im \u00f6rtlichen Museum f\u00fcr Geschichte, dem Wojciech K\u0119trzyn Museum, ausgestellt.<\/p>\n<p>&nbsp;<\/p>\n<figure id=\"attachment_5628\" aria-describedby=\"caption-attachment-5628\" style=\"width: 277px\" class=\"wp-caption alignleft\"><img loading=\"lazy\" decoding=\"async\" class=\"wp-image-5628 size-medium\" src=\"https:\/\/jewsineastprussia.de\/wp-content\/uploads\/2020\/03\/Fragment-Matzeva-Rastenburg-277x300.jpg\" alt=\"\" width=\"277\" height=\"300\" srcset=\"https:\/\/jewsineastprussia.de\/wp-content\/uploads\/2020\/03\/Fragment-Matzeva-Rastenburg-277x300.jpg 277w, https:\/\/jewsineastprussia.de\/wp-content\/uploads\/2020\/03\/Fragment-Matzeva-Rastenburg.jpg 739w\" sizes=\"(max-width: 277px) 100vw, 277px\" \/><figcaption id=\"caption-attachment-5628\" class=\"wp-caption-text\">Wojciech K\u0119trzyn Museum<\/figcaption><\/figure>\n<p><img loading=\"lazy\" decoding=\"async\" class=\"aligncenter wp-image-5630 size-large\" src=\"https:\/\/jewsineastprussia.de\/wp-content\/uploads\/2020\/03\/Friedhof-Gedenktafel-Rastenb-540x1024.jpg\" alt=\"\" width=\"540\" height=\"1024\" srcset=\"https:\/\/jewsineastprussia.de\/wp-content\/uploads\/2020\/03\/Friedhof-Gedenktafel-Rastenb-540x1024.jpg 540w, https:\/\/jewsineastprussia.de\/wp-content\/uploads\/2020\/03\/Friedhof-Gedenktafel-Rastenb-158x300.jpg 158w, https:\/\/jewsineastprussia.de\/wp-content\/uploads\/2020\/03\/Friedhof-Gedenktafel-Rastenb-768x1457.jpg 768w, https:\/\/jewsineastprussia.de\/wp-content\/uploads\/2020\/03\/Friedhof-Gedenktafel-Rastenb-810x1536.jpg 810w, https:\/\/jewsineastprussia.de\/wp-content\/uploads\/2020\/03\/Friedhof-Gedenktafel-Rastenb.jpg 914w\" sizes=\"(max-width: 540px) 100vw, 540px\" \/><\/p>\n<p>&nbsp;<\/p>\n<p style=\"text-align: center;\"><strong>Hinweistafel zum Gedenken an den j\u00fcdischen Friedhof<br \/>\n<\/strong>der im neunzehnten Jahrhundert in der N\u00e4he des heutigen<br \/>\nst\u00e4dtischen Friedhofs am S\u00fcdhang gegr\u00fcndet wurde.<br \/>\nSeit 1813 lebten Juden in K\u0119trzyn und trugen zur Entwicklung der Stadt bei<br \/>\nNach den Ereignissen der &#8222;Kristallnacht&#8220; vom 9. bis 10. November 1938<br \/>\nverlie\u00dfen die meisten von ihnen K\u0119trzyn. Nur wenige \u00fcberlebten den Holocaust<br \/>\nEhre sei ihr gesegnetes Andenken<br \/>\nEinwohner von K\u0119trzyn<br \/>\nStiftung zur Bewahrung des j\u00fcdischen Erbes<br \/>\n2013\/5773<\/p>\n<p>Weitere Bilder und Geschichten zum j\u00fcdischen Leben in der Stadt Rastenburg in der Publikation der Blusztyn Association, die 2019 aktualisiert und von uns ins Englische \u00fcbersetzt wurde. Unsere Beschreibung und den Link zur kostenlosen Bestellung der Pdf-Datei finden Sie auf dieser Webseite: <a href=\"https:\/\/jewsineastprussia.de\/de\/the-history-of-the-jews-in-rastenburg\/\">Die Geschichte der Juden in Rastenburg &gt;&gt;<\/a><\/p>\n<p>Beschreibung der j\u00fcdischen Gebetsh\u00e4user und Friedh\u00f6fe innerhalb der Grenzen der heutigen Verwaltungsregion Ermland-Masuren (in polnischer Sprache). Seweryn Szczepa\u0144ski, Rocznik Ziem Zachodnich <a href=\"https:\/\/doi.org\/10.26774\/rzz.165\" target=\"_blank\" rel=\"noopener noreferrer\">01\/2017 (Jahrbuch des Westlandes) &gt;&gt;<\/a><\/p>\n<p>Bild vom Friedhof von der <a href=\"https:\/\/sztetl.org.pl\/pl\/miejscowosci\/k\/345-ketrzyn\/114-cmentarze\/15684-cmentarz-zydowski-w-ketrzynie\" target=\"_blank\" rel=\"noopener noreferrer\">Webseite Wirtualny Sztetl \/ Polin Museum &gt;&gt;<\/a><\/p>\n<p>In Kooperation 2020 mit dem Verein Blusztyn (PL) und dem Historiker Dr. Seweryn Szczepa\u0144ski<br \/>\n<img loading=\"lazy\" decoding=\"async\" class=\"alignleft size-full wp-image-4457\" src=\"https:\/\/jewsineastprussia.de\/wp-content\/uploads\/2019\/10\/Wappen-blustyn.png\" alt=\"Blusztyn\" width=\"180\" height=\"180\" srcset=\"https:\/\/jewsineastprussia.de\/wp-content\/uploads\/2019\/10\/Wappen-blustyn.png 180w, https:\/\/jewsineastprussia.de\/wp-content\/uploads\/2019\/10\/Wappen-blustyn-150x150.png 150w\" sizes=\"(max-width: 180px) 100vw, 180px\" \/><\/p>\n","protected":false},"excerpt":{"rendered":"<p>In Kooperation 2020 mit dem Verein Blusztyn (PL) und Historiker Dr. Seweryn Szczepa\u0144ski In der Geschichte der Juden in Rastenburg gab es neben vielen j\u00fcdischen Wohn- und Gesch\u00e4ftsh\u00e4usern eine alte und eine neue Synagoge. Dar\u00fcber gibt es viele Bilder und Geschichten auf unserer Seite Geschichte der Juden in Rastenburg. Hier haben wir zusammengetragen, was \u00fcber [&hellip;]<\/p>\n","protected":false},"author":1,"featured_media":0,"parent":0,"menu_order":0,"comment_status":"closed","ping_status":"closed","template":"","meta":{"footnotes":""},"categories":[80,133],"class_list":["post-5633","page","type-page","status-publish","hentry","category-rastenburg-ketrzyn-de","category-rastenburg-ketrzyn-de-2","entry"],"_links":{"self":[{"href":"https:\/\/jewsineastprussia.de\/de\/wp-json\/wp\/v2\/pages\/5633","targetHints":{"allow":["GET"]}}],"collection":[{"href":"https:\/\/jewsineastprussia.de\/de\/wp-json\/wp\/v2\/pages"}],"about":[{"href":"https:\/\/jewsineastprussia.de\/de\/wp-json\/wp\/v2\/types\/page"}],"author":[{"embeddable":true,"href":"https:\/\/jewsineastprussia.de\/de\/wp-json\/wp\/v2\/users\/1"}],"replies":[{"embeddable":true,"href":"https:\/\/jewsineastprussia.de\/de\/wp-json\/wp\/v2\/comments?post=5633"}],"version-history":[{"count":9,"href":"https:\/\/jewsineastprussia.de\/de\/wp-json\/wp\/v2\/pages\/5633\/revisions"}],"predecessor-version":[{"id":5747,"href":"https:\/\/jewsineastprussia.de\/de\/wp-json\/wp\/v2\/pages\/5633\/revisions\/5747"}],"wp:attachment":[{"href":"https:\/\/jewsineastprussia.de\/de\/wp-json\/wp\/v2\/media?parent=5633"}],"wp:term":[{"taxonomy":"category","embeddable":true,"href":"https:\/\/jewsineastprussia.de\/de\/wp-json\/wp\/v2\/categories?post=5633"}],"curies":[{"name":"wp","href":"https:\/\/api.w.org\/{rel}","templated":true}]}}

Friedhof Kętrzyn &#8211; Rastenburg

<p>In Kooperation 2020 mit dem Verein Blusztyn (PL) und Historiker Dr. Seweryn Szczepański</p>
<figure id="attachment_5622" aria-describedby="caption-attachment-5622" style="width: 348px" class="wp-caption aligncenter"><img fetchpriority="high" decoding="async" class="wp-image-5622 size-full" src="https://jewsineastprussia.de/wp-content/uploads/2020/03/Synagoge-Tuerme.jpg" alt="Roof New Synagogue Rastenburg" width="348" height="177" srcset="https://jewsineastprussia.de/wp-content/uploads/2020/03/Synagoge-Tuerme.jpg 348w, https://jewsineastprussia.de/wp-content/uploads/2020/03/Synagoge-Tuerme-300x153.jpg 300w" sizes="(max-width: 348px) 100vw, 348px" /><figcaption id="caption-attachment-5622" class="wp-caption-text">Neue Synagoge in Rastenburg Eröffnung 1916</figcaption></figure>
<p>In der Geschichte der Juden in Rastenburg gab es neben vielen jüdischen Wohn- und Geschäftshäusern eine alte und eine neue Synagoge. Darüber gibt es viele Bilder und Geschichten auf unserer Seite Geschichte der Juden in Rastenburg. Hier haben wir zusammengetragen, was über den Jüdischen Friedhof der Stadt zu berichten ist.</p>
<figure id="attachment_5624" aria-describedby="caption-attachment-5624" style="width: 1040px" class="wp-caption aligncenter"><img decoding="async" class="wp-image-5624 size-full" src="https://jewsineastprussia.de/wp-content/uploads/2020/03/Rastenburg-1929-Ausschnitt.jpg" alt="Map Rastenburg Jewish 1929" width="1040" height="635" srcset="https://jewsineastprussia.de/wp-content/uploads/2020/03/Rastenburg-1929-Ausschnitt.jpg 1040w, https://jewsineastprussia.de/wp-content/uploads/2020/03/Rastenburg-1929-Ausschnitt-300x183.jpg 300w, https://jewsineastprussia.de/wp-content/uploads/2020/03/Rastenburg-1929-Ausschnitt-1024x625.jpg 1024w, https://jewsineastprussia.de/wp-content/uploads/2020/03/Rastenburg-1929-Ausschnitt-768x469.jpg 768w" sizes="(max-width: 1040px) 100vw, 1040px" /><figcaption id="caption-attachment-5624" class="wp-caption-text">Ausschnitt Stadtplan Rastenburg 1929 &#8211; 3 Friedhof</figcaption></figure>
<p>Rabbiner Siebert Neufeldt schrieb 1925 einen Reisebericht durch die ostpreussischen jüdischen Gemeinden. Unter Rastenburg erwähnt er einen Jüdischen Friedhof, der damals ca. 120 Jahre alt war (ca. von 1805). Er habe eine Friedhofshalle und lag an der Gasanstalt.</p>
<figure id="attachment_5626" aria-describedby="caption-attachment-5626" style="width: 300px" class="wp-caption alignleft"><img decoding="async" class="wp-image-5626 size-medium" src="https://jewsineastprussia.de/wp-content/uploads/2020/03/image_51881-300x225.jpg" alt="Cemetery Rastenburg" width="300" height="225" srcset="https://jewsineastprussia.de/wp-content/uploads/2020/03/image_51881-300x225.jpg 300w, https://jewsineastprussia.de/wp-content/uploads/2020/03/image_51881-768x576.jpg 768w, https://jewsineastprussia.de/wp-content/uploads/2020/03/image_51881.jpg 800w" sizes="(max-width: 300px) 100vw, 300px" /><figcaption id="caption-attachment-5626" class="wp-caption-text">Foto: Yarek Shalom</figcaption></figure>
<p>Der jüdische Friedhof, der vermutlich in der Progromnacht 1938 stark zerstört wurde, lag am Fuße des Südhangs des damals evangelischen Friedhofs. Heute gibt es an diesem Ort Garagen von Busdepots des öffentlichen Verkehrs und vielleicht teilweise Garagen der Staatlichen Feuerwehr (die Angelegenheit erfordert eine gründliche Untersuchung vor Ort). Ein Fragment eine jüdischen Grabsteins wurde in einem Stadtteich gefunden und ist im örtlichen Museum für Geschichte, dem Wojciech Kętrzyn Museum, ausgestellt.</p>
<p>&nbsp;</p>
<figure id="attachment_5628" aria-describedby="caption-attachment-5628" style="width: 277px" class="wp-caption alignleft"><img loading="lazy" decoding="async" class="wp-image-5628 size-medium" src="https://jewsineastprussia.de/wp-content/uploads/2020/03/Fragment-Matzeva-Rastenburg-277x300.jpg" alt="" width="277" height="300" srcset="https://jewsineastprussia.de/wp-content/uploads/2020/03/Fragment-Matzeva-Rastenburg-277x300.jpg 277w, https://jewsineastprussia.de/wp-content/uploads/2020/03/Fragment-Matzeva-Rastenburg.jpg 739w" sizes="(max-width: 277px) 100vw, 277px" /><figcaption id="caption-attachment-5628" class="wp-caption-text">Wojciech Kętrzyn Museum</figcaption></figure>
<p><img loading="lazy" decoding="async" class="aligncenter wp-image-5630 size-large" src="https://jewsineastprussia.de/wp-content/uploads/2020/03/Friedhof-Gedenktafel-Rastenb-540x1024.jpg" alt="" width="540" height="1024" srcset="https://jewsineastprussia.de/wp-content/uploads/2020/03/Friedhof-Gedenktafel-Rastenb-540x1024.jpg 540w, https://jewsineastprussia.de/wp-content/uploads/2020/03/Friedhof-Gedenktafel-Rastenb-158x300.jpg 158w, https://jewsineastprussia.de/wp-content/uploads/2020/03/Friedhof-Gedenktafel-Rastenb-768x1457.jpg 768w, https://jewsineastprussia.de/wp-content/uploads/2020/03/Friedhof-Gedenktafel-Rastenb-810x1536.jpg 810w, https://jewsineastprussia.de/wp-content/uploads/2020/03/Friedhof-Gedenktafel-Rastenb.jpg 914w" sizes="(max-width: 540px) 100vw, 540px" /></p>
<p>&nbsp;</p>
<p style="text-align: center;"><strong>Hinweistafel zum Gedenken an den jüdischen Friedhof<br />
</strong>der im neunzehnten Jahrhundert in der Nähe des heutigen<br />
städtischen Friedhofs am Südhang gegründet wurde.<br />
Seit 1813 lebten Juden in Kętrzyn und trugen zur Entwicklung der Stadt bei<br />
Nach den Ereignissen der &#8222;Kristallnacht&#8220; vom 9. bis 10. November 1938<br />
verließen die meisten von ihnen Kętrzyn. Nur wenige überlebten den Holocaust<br />
Ehre sei ihr gesegnetes Andenken<br />
Einwohner von Kętrzyn<br />
Stiftung zur Bewahrung des jüdischen Erbes<br />
2013/5773</p>
<p>Weitere Bilder und Geschichten zum jüdischen Leben in der Stadt Rastenburg in der Publikation der Blusztyn Association, die 2019 aktualisiert und von uns ins Englische übersetzt wurde. Unsere Beschreibung und den Link zur kostenlosen Bestellung der Pdf-Datei finden Sie auf dieser Webseite: <a href="https://jewsineastprussia.de/de/the-history-of-the-jews-in-rastenburg/">Die Geschichte der Juden in Rastenburg &gt;&gt;</a></p>
<p>Beschreibung der jüdischen Gebetshäuser und Friedhöfe innerhalb der Grenzen der heutigen Verwaltungsregion Ermland-Masuren (in polnischer Sprache). Seweryn Szczepański, Rocznik Ziem Zachodnich <a href="https://doi.org/10.26774/rzz.165" target="_blank" rel="noopener noreferrer">01/2017 (Jahrbuch des Westlandes) &gt;&gt;</a></p>
<p>Bild vom Friedhof von der <a href="https://sztetl.org.pl/pl/miejscowosci/k/345-ketrzyn/114-cmentarze/15684-cmentarz-zydowski-w-ketrzynie" target="_blank" rel="noopener noreferrer">Webseite Wirtualny Sztetl / Polin Museum &gt;&gt;</a></p>
<p>In Kooperation 2020 mit dem Verein Blusztyn (PL) und dem Historiker Dr. Seweryn Szczepański<br />
<img loading="lazy" decoding="async" class="alignleft size-full wp-image-4457" src="https://jewsineastprussia.de/wp-content/uploads/2019/10/Wappen-blustyn.png" alt="Blusztyn" width="180" height="180" srcset="https://jewsineastprussia.de/wp-content/uploads/2019/10/Wappen-blustyn.png 180w, https://jewsineastprussia.de/wp-content/uploads/2019/10/Wappen-blustyn-150x150.png 150w" sizes="(max-width: 180px) 100vw, 180px" /></p>

<p>In Kooperation 2020 mit dem Verein Blusztyn (PL) und Historiker Dr. Seweryn Szczepański In der Geschichte der Juden in Rastenburg gab es neben vielen jüdischen Wohn- und Geschäftshäusern eine alte und eine neue Synagoge. Darüber gibt es viele Bilder und Geschichten auf unserer Seite Geschichte der Juden in Rastenburg. Hier haben wir zusammengetragen, was über [&hellip;]</p>
